 19, 163
Let y(z) = -31*z + 7. Let h be y(-4). Suppose -u - 3*t - 27 = -2*u, -3*u - t + h = 0. Suppose -2*l + u = -44. What are the prime factors of l?
43
Suppose -6*a = -14*a + 16. Let q be ((-2)/(-3))/((-1)/24*a). Let z(b) = -30*b - 32. List the prime factors of z(q).
2, 13
Let j be ((2 - 4) + 1)*0. Suppose j = -r + 3*p + 742, -4*r + 1945 = -4*p - 983. List the prime factors of r.
727
Suppose 5*q - 9 = p + q, 0 = 2*p - 2*q. Suppose 4*z - n - 528 = -47, p*z - n = 362. What are the prime factors of z?
7, 17
List the prime factors of (187 - 4015)*(-28)/3.
2, 7, 11, 29
Suppose 0 = -o + 3*y + 954, 5*o - 4835 = -4*y + 6*y. Suppose 4*c - o = 699. What are the prime factors of c?
3, 139
Let f be (-8)/(-4) - (-410)/(-5). Let x(g) = -12*g - 60. Let r be x(-10). Let z = r - f. What are the prime factors of z?
2, 5, 7
Let p(y) = 25*y**2 - 12*y - 11. Suppose -2*j = -u + 1 + 1, 0 = 5*j - 10. What are the prime factors of p(u)?
19, 43
Suppose r + 2*t + 32 = -32, -160 = 2*r - 4*t. Let q = 76 + r. Suppose -q*h = -12*h + 1048. List the prime factors of h.
131
Let o = 180 + -208. List the prime factors of 8/28 + (-15504)/o.
2, 277
Let z(r) = 5*r + 9. Let d be z(5). Let m = -32 + d. Suppose -4*w + 0*u - m*u + 54 = 0, -35 = -3*w + 4*u. What are the prime factors of w?
13
Let y = -107 + 204. Let c = 99 - y. Let i(x) = 33*x + 11. What are the prime factors of i(c)?
7, 11
Let i be 1/13 - 178254/(-702). Suppose 5*k = f + 3641, -k + i = -4*f - 459. What are the prime factors of k?
3
Let q(a) = 637*a**2 - 46*a - 187. List the prime factors of q(-4).
23, 443
Suppose -i + 7*i = 4050. Let v = i + -520. What are the prime factors of v?
5, 31
Let c = -61 - -19. Let h = -40 - c. What are the prime factors of (4 + (-1)/1)*42/h?
3, 7
List the prime factors of (-19469020)/(-1855) + (-4)/(-7).
2, 41
Let g(q) = 5*q**2 + 5*q + 7. Let o be 0 + 1 - (-6 - -5 - 0). Let n = o - 7. What are the prime factors of g(n)?
107
Let s be 6/4 - 145/10. Let g(c) = 2*c**2 + 23*c - 37. Let x be g(s). Suppose 2*r + 460 = 3*f, -x*f + f = 5*r - 159. List the prime factors of f.
2, 7, 11
List the prime factors of (11/(-2))/(5/(-27920)*8).
11, 349
Let y(k) = 61*k**2 - 38*k - 252. What are the prime factors of y(-10)?
2, 3, 173
Let t(i) = -i**3 + 5*i**2 + 4*i + 1. Let o be t(9). Let b = 1191 + o. List the prime factors of b.
2, 113
Suppose -2086 = -17*f + 3*f. Suppose -147*a - 700 = -f*a. List the prime factors of a.
2, 5, 7
Let q(f) = -f**2 + f + 2. Suppose -4*o + 3*o = 2*o. Let n be q(o). Suppose -5*r + 235 + 105 = -5*s, -n*r + s = -140. List the prime factors of r.
2, 3
Let i(h) = -8897*h - 10503. List the prime factors of i(-5).
2, 13, 1307
Suppose -3*w = -12, 2*g + 309 - 2419 = 4*w. Suppose 5*z + 2*f = g + 455, 2 = -2*f. What are the prime factors of z?
2, 19
Let n(g) = 744*g + 206. List the prime factors of n(12).
2, 4567
Suppose 5*m + 18*p - 116340 = 15*p, -m = 5*p - 23246. What are the prime factors of m?
3, 7757
Let y(d) = -2*d + 35. Let j be y(14). Suppose j*n + 552 = -1625. Let o = n - -537. What are the prime factors of o?
2, 113
Let z = -18312 + 43863. What are the prime factors of z?
3, 17, 167
Let s(m) = 2*m**2 - 8*m - 9. Let y be s(7). What are the prime factors of 88/y*297/12?
2, 3, 11
Let k be (-35336)/42*(2 + (-15)/3). Let y = k - 1491. List the prime factors of y.
1033
What are the prime factors of (-274)/(-4)*707*(-14)/(-49)?
101, 137
Suppose -c + 45 = 5*z, -z + 2*c - 3 = -1. Suppose 11*d - z*d - 3090 = 2*s, -3*d - 2*s = -3090. List the prime factors of d.
2, 5, 103
Let c(a) = -a**2 + 13*a - 22. Let u be c(11). Suppose u - 6 = 2*p. List the prime factors of (-99)/p + (-2)/1.
31
Suppose -6*a + 8*a + 362220 = 14*a. What are the prime factors of a?
5, 6037
Let v be (-13*46)/(148/(-370)). Let h = v + -688. List the prime factors of h.
3, 269
Let l(s) be the third derivative of 8/3*s**3 + 3/8*s**4 + 0 + 0*s - 45*s**2. List the prime factors of l(5).
61
Let m be (-3 - 0)/(-3)*-18. Let j = -14 - m. Let s(u) = -u**3 + 8*u**2 + 2*u - 6. What are the prime factors of s(j)?
2, 3, 11
Suppose 27189 = 3*v - 5*q, -2*v = -45*q + 40*q - 18121. What are the prime factors of v?
2, 2267
Let k(l) = -5*l**2 + 16. Suppose 11*h = 9*h + 12. Let x be k(h). List the prime factors of 1 + -2 - (0 + x).
163
Let t(j) be the second derivative of -2*j**3/3 - 25*j**2 + 45*j. Let s be t(0). Let h = s + 134. List the prime factors of h.
2, 3, 7
Let g be 36/14 - 4/7. Suppose -3*c + 878 + 140 = -2*q, -684 = -g*c + 4*q. What are the prime factors of c?
2, 13
Suppose 3*n - 2*n + 1772 = 5*s, 3*s + 3*n = 1074. Suppose 862 = -s*o + 357*o. List the prime factors of o.
431
Let s be (-3)/(-1)*-2*-2. Let o be s/(-5)*15/(-6). Let k(y) = -y**2 + 11*y - 6. What are the prime factors of k(o)?
2, 3
What are the prime factors of ((-50)/(-2))/(16*11/16720)?
5, 19
Let f(q) be the third derivative of 11*q**5/120 - q**4 - q**3 + 11*q**2. Let o(a) be the first derivative of f(a). List the prime factors of o(12).
2, 3
Let h(b) = 6*b**2 - 33*b - 365. List the prime factors of h(36).
7, 127
Suppose -14*y + 21*y = -3255. Let z = 1080 + y. List the prime factors of z.
3, 5, 41
Suppose 3*z = -22 + 31, -2*o - 5*z + 27475 = 0. List the prime factors of o.
2, 5, 1373
Let c be 2400*((-23)/(-20) - 15/20). Suppose 2*z + c = 2*l - 58, -3*l = 3*z - 1533. What are the prime factors of l?
2, 3, 5, 17
Let j(l) = -l**3 + 4*l**2 + 6*l - 2. Let s be j(5). Let w = 4 + s. Suppose w*g = 2*h + 2*g - 128, -4*h + g = -238. What are the prime factors of h?
59
Suppose 0 = -0*g - g + 3. Suppose 3*z - 12 = -g*z. Let n(c) = 47*c + 7. What are the prime factors of n(z)?
101
Suppose 2*t - 5*l + 9 = -2*t, -t + 9 = l. Suppose -152 = 3*h - h - t*f, -1 = -f. What are the prime factors of 2/(12/h)*-3?
37
Let l(h) = -5*h - 46. Let b be l(-10). List the prime factors of -5 - (-3 - (434 - b)).
2, 107
Suppose 8*d - 32392 = 26325 + 22411. List the prime factors of d.
10141
Let z(r) = -28*r**3 - 5*r + 11. Let s be z(-5). List the prime factors of 2/(-8 + s/440).
5, 11
What are the prime factors of -8 - -335*-1*15/(-5)?
997
Let c = 8013 + 3122. List the prime factors of c.
5, 17, 131
Suppose q + 5*z = -330, 0 = -2*z - 5 + 1. Let k = q - -867. List the prime factors of k.
547
Suppose 16*j - 3801 = 9543. Suppose f - j = -2*w, 11*f = 10*f. List the prime factors of w.
3, 139
Let d(c) = 30*c**2 - c - 18. Let r be d(-4). Let n = 421 + r. What are the prime factors of n?
887
Let q be 0 - 4 - -4 - -6. What are the prime factors of 176/q*156/8?
2, 11, 13
Suppose -111700 - 15610 = -10*l. List the prime factors of l.
29, 439
Suppose 9*l - 79202 = 180709 + 141768. What are the prime factors of l?
3, 19, 29
List the prime factors of -14 + (-1417)/(-104) - (-9609)/24.
2, 5
Let q(w) = -59*w + 1814. List the prime factors of q(24).
2, 199
Let t = 242 + -246. What are the prime factors of (t + 0)/((-10)/205)?
2, 41
Suppose -4*a + 9 - 1 = 0. Suppose -5*k + 1415 = a*g, 4*g = -6*k + 3*k + 835. What are the prime factors of k?
3, 5, 19
Let q(v) = -v**3 + 2*v**2 - v**2 + 8*v**2 + 14*v - 8. Let y = 606 - 597. List the prime factors of q(y).
2, 59
Let a = -9197 - -25458. List the prime factors of a.
7, 23, 101
Let z = 21594 + -14614. What are the prime factors of z?
2, 5, 349
Let x(l) be the second derivative of -l**3/3 + 81*l**2 + 257*l. What are the prime factors of x(-28)?
2, 109
Let w = 9762 + -6742. Suppose -w = -6*h + 1048. What are the prime factors of h?
2, 3, 113
Let j(w) = -8*w - 48. Let p be j(-14). Let y be p/12*(1 + 11/4). Suppose 3*n - y = n. List the prime factors of n.
2, 5
Let b = -112 + 186. Suppose -4*j - r + 793 = 0, 4*r - 870 + b = -4*j. What are the prime factors of j?
2, 3, 11
What are the prime factors of (46/15)/((-22)/(-297))*(451 - 6)?
3, 23, 89
Let y be 1 - 0*(-4 - -5). Let t be y*(3 - -12) + 4. Suppose -76 = -21*k + t*k. List the prime factors of k.
2, 19
Suppose -2*f + 6*f = 12. Suppose f*w - 11*w = 0. Suppose -331 = -4*d - 3*i, -242 = -3*d + 4*i - w*i. What are the prime factors of d?
2, 41
List the prime factors of 6/33 + 6/(-11)*47452/(-6).
2, 3, 719
Let n(x) be the second derivative of -x**5 - x**4/12 + x**3/3 + x**2 - 2*x. Suppose -1067 = 12*u - 1055. List the prime factors of n(u).
19
Let d(s) = s**2 + 16*s + 5. Let n be d(-17). Let y = 1792 + -1128. Suppose 18*x = 